 Give n(k).
1
Let l(g) be the first derivative of 3*g**4/4 + 2*g**3/3 + g**2/2 + 1. Let m(w) be the third derivative of w**4/24 - 4*w**3/3 + 5*w**2. Let f be m(7). Give l(f).
-2
Let q(t) = -t**3 + 10*t**2 - t + 5. Let o be q(10). Let r(d) = d**3 + 6 - 3*d + 7*d - 4 + 6*d**2. Give r(o).
7
Let r(i) = -i**3 - 4*i**2 + 3*i - 2. Let d be r(-5). Let g(t) = 2*t - 4. Give g(d).
12
Let f be 99/44 + -2*1. Let x(v) be the second derivative of f*v**4 + 0 - v**2 + v - 1/3*v**3. Give x(2).
6
Let y be 6 - (-17)/((-102)/72). Let k(o) = 2*o + 1. Calculate k(y).
-11
Let a(t) = t**3 + 5*t**2 - 6*t + 2. Let s(j) = j + 1. Let r(u) = a(u) + s(u). Suppose -x + 5*x + 24 = 0. Calculate r(x).
-3
Let u(d) be the second derivative of -d**3/6 - d**2/2 - 2*d. Determine u(7).
-8
Let a(w) be the first derivative of -w**4/6 + w**3/3 + w**2 + 3*w - 2. Let i(s) be the first derivative of a(s). Calculate i(2).
-2
Let a(j) = 4 - 5*j - 6*j + 2*j**2 - j + j. Let z(x) = -x**2 + 5*x - 2. Let v(f) = 2*a(f) + 5*z(f). Let p = 11 - 7. Determine v(p).
-6
Let i(a) = a**2 + 9*a - 12. Let s be i(-11). Let b be (18/(-15))/(3/s). Let t(c) = c**3 + 3*c**2 - 4*c. What is t(b)?
0
Let v(c) be the first derivative of 9*c**2/2 + c + 24. Determine v(-3).
-26
Let n(i) = i**2 + 6*i. Let x = 10 + -14. Determine n(x).
-8
Let k(t) = -7 + 4 + t - 2*t - 2. Determine k(-7).
2
Let m(f) = f**3 + 6*f**2 - 8*f + 2. Suppose 4*q + 32 = -4*k, -4*k - q - 15 - 14 = 0. What is m(k)?
9
Suppose -22*r + 27*r + 20 = 0. Let n(y) be the third derivative of -y**6/120 - y**5/12 - y**4/4 - y**3/3 - 5*y**2. Calculate n(r).
6
Let g(k) = k**3 - k**2 + k. Let y = 4 + -6. Let x be (y/4)/((-2)/48). Let c be ((-1)/2)/((-6)/x). Determine g(c).
1
Let d = 52 + -49. Let j(k) = -k**3 + 4*k**2 - 1. Determine j(d).
8
Let k(c) be the first derivative of -c**5/60 - c**4/4 - c**3/2 + c**2 + 4. Let a(q) be the second derivative of k(q). Calculate a(-4).
5
Suppose 0 = -2*n - 20 + 6. Let m be (1*5)/(0 - 1). Let u = m - n. Let b(k) = -k**3 + 3*k**2 - k - 2. Determine b(u).
0
Let k(x) = -68*x**2 + 3 - 5 + 5*x + 70*x**2. Give k(-4).
10
Let a = 1 + -1. Suppose -5*s + q - 10 = 0, -5*s + 2*q - 24 + 9 = a. Let c(l) = -1 - 3*l**3 + 4*l**2 - l**2 - l**2. Calculate c(s).
4
Let i(o) = o**2 + 4*o + 5. Let b be i(-4). Let w(h) = h - 5*h**3 + b*h**2 - 4*h**2 - 2 + 6*h**3. What is w(0)?
-2
Let c(i) be the first derivative of i**3/3 - 9*i**2/2 + 8*i + 2. What is c(7)?
-6
Let i(b) = 2*b**2 + 3*b. Let d = 62 + -65. Calculate i(d).
9
Let b(w) = -w**2 + 2*w - 1. Let k be b(2). Let t(h) = -4*h**3 - 2*h**2 - 2*h - 1. Determine t(k).
3
Let s(v) be the second derivative of -v**5/20 + v**4/6 + v**3/6 - v. Suppose -2*l = -6*l - 4. Give s(l).
2
Let o be -2*(-9)/24*4. Let z(i) = -3*i + 6*i - 3*i - 2 + i. Calculate z(o).
1
Let q(o) = -o**3 - 5*o**2 + 6*o - 1. Let y be q(-6). Let m(j) = 2*j**3 - 1 - 5*j**3 - j - 9*j**2 + 4*j**3 + 8*j**2. What is m(y)?
-2
Let b(h) = -h + h + 6*h**3 - h**2 - h. Suppose -5*g + 3*o = -57, 5*g = o - 0*o + 59. Suppose -7*l + 4*l + 13 = -i, 4*i - 2*l = -g. What is b(i)?
-6
Let t be (-7)/14*-1*4. Suppose -c - 2 = -t*c. Let m be c + 2 + (-3 - -4). Let u(g) = -g**2 + 3*g + 3. Give u(m).
-7
Let b(m) = m + 10. Let h be b(-7). Let p = 6 - h. Let q(c) = -2*c - 1. Give q(p).
-7
Let o(s) = -s - 1. Let t be (-1 - 0 - 2)*-2. Let n(g) = g**3 - 7*g**2 + 8*g - 9. Let r be n(t). Give o(r).
-4
Let g(t) = -t - 8. Let r be (-8)/(-12)*42/(-4). Calculate g(r).
-1
Let b(m) = 0 - m + 1 + 0*m + 0. Let y be (-1)/((-3)/(-30)*2). Determine b(y).
6
Suppose l - 13 = -3*p + 31, 3*l = 5*p - 92. Let t be 25/4 + (-4)/p. Let h(s) be the third derivative of s**5/60 - s**4/4 - 2*s**3/3 - 26*s**2. Give h(t).
-4
Let c(q) = 12*q + 1. Let d = -29 + 28. Calculate c(d).
-11
Suppose 0 = 2*f - 2*n - 4, n = 5*f - 0*n - 10. Suppose -6 = -2*b - f. Let g(d) = -d + 1 + 0 - 2*d. Determine g(b).
-5
Let m(f) = 5*f**2 + 2*f - 1. Let t be m(1). Let y(s) = s**3 - 5*s**2 - 7*s. Calculate y(t).
-6
Let u(s) = s**3 + 4*s**2 + 2. Suppose 0 = -p + 5*h - 9, -3*h = -14*p + 16*p + 5. Determine u(p).
2
Suppose 0 = 3*q - 3 - 12, q - 20 = -5*t. Let m(w) = 5*w - 2*w**2 - 9*w - 3 - 3 - 3*w**2 - w**t. Calculate m(-4).
-6
Let h(y) = -y**2 + 2*y - 3. Let m(w) = -2*w + 2*w**2 + 0*w + 3 + 1. Let j(o) = 3*o + 13. Let r be j(-6). Let l(b) = r*h(b) - 4*m(b). Calculate l(-1).
-2
Let t(q) be the second derivative of q**3/6 + 5*q**2 - q. Determine t(-5).
5
Let z(s) = -1 - s + 0 + s**2 + 2*s. Let n = 5 - 7. Determine z(n).
1
Let c(f) = -5*f. Let u(p) = -p + 2 + 2*p**2 - 3 - p**2. Let t be u(2). Give c(t).
-5
Let i(m) = 2*m**2 - 2*m - 4. Suppose 0 = 5*t - t - 16. What is i(t)?
20
Let g(d) = d + 3. Let p(u) = -u**3 + 11*u**2 - 9*u - 5. Let y be p(10). Let n = y + -6. Let k be -1 + 3 + n - 1. Give g(k).
3
Let m(d) = 2*d - 8. Let j be m(6). Suppose 5*w - o = j*o - 25, -33 = 3*w + 3*o. Let h = 13 + w. Let l(f) = -f**2 + 3*f + 4. Determine l(h).
-6
Let j(a) = a + 5. Let f be (-6)/51 - -3*415/(-255). Give j(f).
0
Suppose -k + 6 = k. Suppose -k*t - 3 = -5*b, 3*b + 3 = -2*t - 18. Let l(s) = s + 4. Give l(t).
-2
Let i(z) be the first derivative of 1/2*z**2 + 1/3*z**3 - 2 + 6*z. Calculate i(0).
6
Let p(g) = -5*g - 2. Let n(a) = a**3 - 4*a**2 - a + 4. Let w be n(4). Let j = w - 2. Determine p(j).
8
Let p(v) = 0 + 2*v - 30*v**2 + 5 + 29*v**2. Determine p(4).
-3
Let w(q) = -4*q + 12. Let z be w(4). Let n(s) = s**3 + 4*s**2 - 2*s - 1. Give n(z).
7
Let x(v) = -v**3 - 6*v**2 + 8*v - 7. Let o be (-6)/6 - 12/2. Calculate x(o).
-14
Let q(y) = y**2 + 2. Let h(f) = -f**3 - f + 1. Let z = -6 + 7. Let o(r) = z*q(r) + h(r). Calculate o(0).
3
Let v(q) = q**2 + 3*q + 3. Suppose -4*h - 1 = -17. Suppose 0 = 4*a - 3*a + h. Calculate v(a).
7
Let x(r) = -3*r + 4. Let o(l) = 4 - 8*l + l - 1 + 5*l. Let d(c) = 5*o(c) - 4*x(c). Let z = 1 - 3. What is d(z)?
-5
Let u(x) = -2*x - 1. Suppose -f - 4*f = 105. Let t be 1/(45/f + 2). Let i(c) = -c**2 - 7*c - 1. Let w be i(t). What is u(w)?
1
Let j(o) be the first derivative of -o**2/2 - 4*o + 1. Let c(u) = u**2 - u. Let x be c(1). Calculate j(x).
-4
Let p = -14 - -10. Let q(n) = -n - 1. Let w be q(p). Let c(b) = b**3 - 4*b**2 + 3*b + 2. Give c(w).
2
Suppose -3*y - 3*o + 9 = 0, -3*o = -y - y - 14. Let k be (-4 + 2)/(0 - y). Let f(w) = 2*w - 1. Let p be f(k). Let a(d) = -d - 3. What is a(p)?
2
Let n(p) = p**2 - 8*p - 3. Let h be 3/(21/9 + -2). Let i be n(h). Let c be (-27)/18*8/i. Let w(k) = -k**2 + 2*k + 1. Calculate w(c).
-7
Let h(u) be the second derivative of u**3/6 - 3*u**2/2 - 31*u. Determine h(0).
-3
Let j = 3 - 0. Let n(x) = -j*x**2 - x**2 + 2*x + x**2 - 4*x**3. Let w(r) = -r**2 + r. Let i(f) = -n(f) + 3*w(f). Determine i(1).
5
Suppose 30 = -62*c + 67*c. Let h(q) = -q**2 + 5*q + 6. Determine h(c).
0
Let x(f) = f**3 + 5*f**2 + 5*f + 2. Let s(k) = -k - 3. Let m be s(0). Determine x(m).
5
Let v(c) = -2*c**2 + 2*c - 3. Let s be 6 - 3/(2 + 1). Suppose 2*u - 4*n = -16, -2*n + 5*n - s = 5*u. What is v(u)?
-7
Let p = -8 + 11. Let x(b) = -p*b + 3*b**3 + 2 - 6 + 4*b - 4*b**3 - 4*b**2. Calculate x(-4).
-8
Let p(l) = -2*l**2 - 2*l + 1. Let y(h) = -2*h**2. Let o be y(1). Give p(o).
-3
Let y = -20 + 7. Let m = y + 13. Let f(w) = w - 4. Give f(m).
-4
Let b(i) = i**3 - 7*i**2 + 4*i + 6. Let f(s) = s. Let y be f(6). What is b(y)?
-6
Let i(a) be the third derivative of a**7/2520 - a**6/360 - a**5/15 + a**2. Let k(j) be the third derivative of i(j). Determine k(-3).
-8
Let s(f) be the first derivative of -f**3/3 + 4*f**2 - f - 30. Calculate s(8).
-1
Let h(r) = r**2 + 2*r. Suppose 11*u - 8 = 7*u. Calculate h(u).
8
Let t(f) = f + 3. Suppose 3*a = -4 + 1. Let l be 2 - a/(1/1). Suppose 3*g + k + 2 = 6*g, 10 = l*g - 5*k. Calculate t(g).
3
Let v(c) = c**2 - c + 12. Suppose w + 2*b - 8 = 0, 0 = -2*b + 9 - 1. Determine v(w).
12
Suppose 4*u = -0*u. Suppose 0*v + v = u. Let d(a) = 5 + v*a - a - a. Determine d(4).
-3
Let g be 1/((-2)/(-12)*2). Let d(k) = 0 - 1 + 5*k + g - 3. Determine d(-1).
-6
Let t be 1 + 0/(3/1). Let n(l) = 3*l + 5. Let b(q) = 4*q + 4. Let a(c) = -6*b(c) + 5*n(c). Determine a(t).
-8
Let f(z) = z - 8. Let a(d) = d**2 - 8*d + 16. Let u be a(6). Determine f(u).
-4
Let c(y) = 6*y - 1. Let l be 4/8 + 38/4. Suppose w - l = -0*w. Suppose -3*f - 2*f = -w. What is c(f)?
11
Let t(p) = -p**2 - p. Let q be t(0). Suppose -4 + q = s.